{"id":5243,"date":"2023-08-29T11:03:24","date_gmt":"2023-08-29T11:03:24","guid":{"rendered":"https:\/\/velikolaska.si\/?post_type=mec-events&#038;p=5243"},"modified":"2023-09-08T11:48:52","modified_gmt":"2023-09-08T11:48:52","slug":"trznica-trajnostne-mobilnosti","status":"publish","type":"mec-events","link":"https:\/\/velikolaska.si\/slo\/dogodki1\/trznica-trajnostne-mobilnosti\/","title":{"rendered":"Tr\u017enica trajnostne mobilnosti"},"content":{"rendered":"<p>Vabljeni v <strong>soboto, 16. septembra, med 8. in 12. uro<\/strong> na trg v Velikih La\u0161\u010dah, kjer bo potekala Tr\u017enica trajnostne mobilnosti v okviru projekta <strong>Evropski teden mobilnosti<\/strong> (ETM 203).<\/p>\n<p>Tr\u017enico trajnostne mobilnosti, kjer je poudarek na gibanju, hoji, kolesarjenju in na splo\u0161no zdravemu na\u010dinu \u017eivljenja, organizira Javni zavod Trubarjevi kraji v sodelovanju z lokalnimi izvajalci in dru\u0161tvi.<br \/>\nProgram Tr\u017enice trajnostne mobilnosti bo pester. Na\u0161lo se bo za vsakega nekaj.<\/p>\n<p>Na trgu bo med 8. in 12. uro potekala velikola\u0161ka tr\u017enica, kjer se bodo predstavljali lokalni pridelovalci, otro\u0161ka delavnica v izvedbi dru\u0161tva Finta, voden kraj\u0161i kolesarski izlet z licenciranim kolesarskim vodnikom po velikola\u0161ki ob\u010dini (<strong>potrebne predhodne prijave do \u010detrtka, 14. septembra na tel. \u0161t. 040 505 960<\/strong>), vodenje po razstavi Kako je Vatikan postal Levstikov dom, predstavitev elektri\u010dnih avtomobilov in preizkusna vo\u017enja le-teh ter \u0161e marsikaj zanimivega.<\/p>\n<p>Vabljeni na trg v Velike La\u0161\u010de!<\/p>\n","protected":false},"excerpt":{"rendered":"<p>Vabljeni v soboto, 16. septembra, med 8. in 12. uro na trg v Velikih La\u0161\u010dah, kjer bo potekala Tr\u017enica trajnostne mobilnosti v okviru projekta Evropski teden mobilnosti (ETM 203). Tr\u017enico trajnostne mobilnosti, kjer je poudarek na gibanju, hoji, kolesarjenju in na splo\u0161no zdravemu na\u010dinu \u017eivljenja, organizira Javni zavod Trubarjevi kraji v sodelovanju z lokalnimi izvajalci [&hellip;]<\/p>\n","protected":false},"author":5,"featured_media":5245,"comment_status":"closed","ping_status":"closed","template":"","tags":[],"mec_category":[],"class_list":["post-5243","mec-events","type-mec-events","status-publish","has-post-thumbnail","hentry","entry","has-media"],"_links":{"self":[{"href":"https:\/\/velikolaska.si\/slo\/wp-json\/wp\/v2\/mec-events\/5243","targetHints":{"allow":["GET"]}}],"collection":[{"href":"https:\/\/velikolaska.si\/slo\/wp-json\/wp\/v2\/mec-events"}],"about":[{"href":"https:\/\/velikolaska.si\/slo\/wp-json\/wp\/v2\/types\/mec-events"}],"author":[{"embeddable":true,"href":"https:\/\/velikolaska.si\/slo\/wp-json\/wp\/v2\/users\/5"}],"replies":[{"embeddable":true,"href":"https:\/\/velikolaska.si\/slo\/wp-json\/wp\/v2\/comments?post=5243"}],"wp:featuredmedia":[{"embeddable":true,"href":"https:\/\/velikolaska.si\/slo\/wp-json\/wp\/v2\/media\/5245"}],"wp:attachment":[{"href":"https:\/\/velikolaska.si\/slo\/wp-json\/wp\/v2\/media?parent=5243"}],"wp:term":[{"taxonomy":"post_tag","embeddable":true,"href":"https:\/\/velikolaska.si\/slo\/wp-json\/wp\/v2\/tags?post=5243"},{"taxonomy":"mec_category","embeddable":true,"href":"https:\/\/velikolaska.si\/slo\/wp-json\/wp\/v2\/mec_category?post=5243"}],"curies":[{"name":"wp","href":"https:\/\/api.w.org\/{rel}","templated":true}]}}

Tržnica trajnostne mobilnosti

<p>Vabljeni v <strong>soboto, 16. septembra, med 8. in 12. uro</strong> na trg v Velikih Laščah, kjer bo potekala Tržnica trajnostne mobilnosti v okviru projekta <strong>Evropski teden mobilnosti</strong> (ETM 203).</p>
<p>Tržnico trajnostne mobilnosti, kjer je poudarek na gibanju, hoji, kolesarjenju in na splošno zdravemu načinu življenja, organizira Javni zavod Trubarjevi kraji v sodelovanju z lokalnimi izvajalci in društvi.<br />
Program Tržnice trajnostne mobilnosti bo pester. Našlo se bo za vsakega nekaj.</p>
<p>Na trgu bo med 8. in 12. uro potekala velikolaška tržnica, kjer se bodo predstavljali lokalni pridelovalci, otroška delavnica v izvedbi društva Finta, voden krajši kolesarski izlet z licenciranim kolesarskim vodnikom po velikolaški občini (<strong>potrebne predhodne prijave do četrtka, 14. septembra na tel. št. 040 505 960</strong>), vodenje po razstavi Kako je Vatikan postal Levstikov dom, predstavitev električnih avtomobilov in preizkusna vožnja le-teh ter še marsikaj zanimivega.</p>
<p>Vabljeni na trg v Velike Lašče!</p>

<p>Vabljeni v soboto, 16. septembra, med 8. in 12. uro na trg v Velikih Laščah, kjer bo potekala Tržnica trajnostne mobilnosti v okviru projekta Evropski teden mobilnosti (ETM 203). Tržnico trajnostne mobilnosti, kjer je poudarek na gibanju, hoji, kolesarjenju in na splošno zdravemu načinu življenja, organizira Javni zavod Trubarjevi kraji v sodelovanju z lokalnimi izvajalci [&hellip;]</p>
